termine h(13).
0
Let v(m) = -1550*m - 73365. What is v(-47)?
-515
Let k(q) = -q**2 - 3060*q - 120792. Determine k(-40).
8
Let f(g) = 207*g + 3097. Calculate f(-15).
-8
Let d(w) = 24689*w - 1160380. Calculate d(47).
3
Let g(p) = -44*p**3 + 44882*p**2 + 132988*p + 2041. What is g(1023)?
-5
Let o(q) = 73*q**2 + 4901*q + 687. Determine o(-67).
17
Let w(l) = l**2 - 11*l + 10. Calculate w(11).
10
Let z(o) = -114049*o + 7071040. Calculate z(62).
2
Let c(g) = -5*g**3 + 864*g**2 + 1726*g - 6. Calculate c(-2).
38
Let p(a) = 5*a**3 + 191*a**2 - 2060*a + 410. Determine p(-47).
34
Let m(k) = k**3 + 5*k**2 - 478*k + 3137. Give m(9).
-31
Let c(i) = 95803*i + 670612. Calculate c(-7).
-9
Let j(i) = 821*i + 495919. Give j(-604).
35
Let r(i) = i**2 + 1325*i + 141339. What is r(-117)?
3
Let t(c) = -2723*c + 24509. Calculate t(9).
2
Let u(b) = b**2 + 220*b + 5551. Determine u(-31).
-308
Let a(w) = 14*w**2 - 34*w - 710. Give a(-6).
-2
Let a(f) = -178*f**2 + 16532*f + 1722. Give a(93).
-324
Let x(g) = -1443*g**2 - 44732*g - 23. Give x(-31).
-54
Let q(f) = 31743*f - 444240. Calculate q(14).
162
Let v(q) = q**2 + 210*q - 7982. Give v(-217).
-6463
Let w(a) = -282*a + 43315. Calculate w(153).
169
Let d(u) = -u**3 - 115*u**2 - 2536*u + 1185. Give d(-85).
-5
Let p(c) = -c**3 + 14*c**2 - 50*c + 90. Give p(8).
74
Let c(z) = -2405*z + 18758. Give c(8).
-482
Let y(n) = 366*n + 12077. Determine y(-33).
-1
Let r(m) = 5*m**3 - 18*m**2 - 129*m + 469. Determine r(5).
-1
Let b(z) = -1496*z**2 + 10469*z - 22. Calculate b(7).
-43
Let c(y) = -2*y**2 - 176876*y - 2299060. Determine c(-13).
-10
Let t(i) = -4*i**2 + 326*i + 6248. What is t(-16)?
8
Let x(o) = o**3 + 102*o**2 - 206*o + 183. What is x(-104)?
-25
Let a(k) = -496*k**2 + 200*k - 200. What is a(1)?
-496
Let h(k) = -12*k**2 + 205*k + 436. Give h(19).
-1
Let h(l) = -265*l + 4552. Give h(17).
47
Let m(z) = -15*z**3 - 1261*z**2 - 195*z - 9333. Give m(-84).
-9
Let i(r) = -6*r**3 - 26*r - 41. Determine i(-5).
839
Let x(h) = 85*h**2 - 4*h + 4529. Calculate x(0).
4529
Let v(o) = -o**2 + 4787*o - 2702937. Calculate v(654).
45
Let v(r) = 2020*r**3 + 7*r**2 - 3*r - 5. Determine v(-1).
-2015
Let j(g) = -7*g**2 + 1898*g + 5691. Calculate j(-3).
-66
Let g(m) = m**3 - 106*m**2 - 3182*m + 8058. Calculate g(130).
-2
Let p(n) = -36*n**2 + 505*n - 1953. Give p(4).
-509
Let c(s) = -5*s**3 - 95*s**2 + 2832*s + 53797. Determine c(-19).
-11
Let d(c) = 2*c**3 + 333*c**2 - 175*c - 1353. Determine d(-167).
-17
Let j(a) = 9*a**2 - 35*a - 1136. Give j(-8).
-280
Let p(u) = -1587*u - 595271. What is p(-375)?
-146
Let z(w) = -4*w**2 - 1414*w - 37652. Calculate z(-29).
-10
Let d(c) = -9*c**2 - 2316*c - 58424. Determine d(-229).
-29
Let d(f) = -f**2 - 63*f - 432. What is d(-6)?
-90
Let c(j) = -4*j**3 - 1901*j**2 - 481*j - 2902. Determine c(-475).
-52
Let z(i) = 14*i**3 + 3208*i**2 + 449*i - 2095. Calculate z(-229).
-34
Let o(n) = -975*n - 36362. Give o(-36).
-1262
Let g(u) = 150*u**2 + 2225*u + 6. Determine g(-15).
381
Let v(f) = -3*f**2 - 4545*f - 36382. Give v(-8).
-214
Let l(n) = -2*n**3 - 24*n**2 - 3*n - 4. Give l(-12).
32
Let y(n) = n**3 - 19*n**2 - 2600*n - 4264. Calculate y(62).
-172
Let v(x) = -12628*x - 3005484. Determine v(-238).
-20
Let v(i) = -48*i**3 - 1532*i**2 + 1542*i - 9. Give v(1).
-47
Let w(k) = 2*k**2 - 132*k - 2763. What is w(81)?
-333
Let o(n) = -4*n**3 + 498*n**2 - 1720*n + 3153. Calculate o(121).
7
Let o(c) = -3*c**3 + 85*c**2 - 493*c - 14. Calculate o(20).
126
Let z(n) = -n**3 + 35*n**2 + 2614*n - 4103. Give z(71).
15
Let z(x) = -1926*x + 55858. What is z(29)?
4
Let i(p) = -201*p + 5551. What is i(27)?
124
Let i(b) = -4*b**2 + 776*b - 758. Determine i(196).
-2326
Let q(m) = -3*m**2 + 133*m - 473. Determine q(38).
249
Let w(y) = -2124*y + 67965. What is w(32)?
-3
Let l(h) = -14*h**2 - 814*h - 403. Determine l(-60).
-1963
Let j(t) = -1040*t + 35462. Determine j(33).
1142
Let i(j) = 10370*j + 1648833. Give i(-159).
3
Let b(l) = -717073*l - 2151250. Calculate b(-3).
-31
Let t(l) = 507*l**2 - 3767*l + 1587. Give t(7).
61
Let o(x) = -13*x**2 + 134*x - 378. Calculate o(4).
-50
Let b(w) = 5*w**2 + 16860*w - 2881027. What is b(163)?
-2
Let u(j) = 2*j**2 - 707*j - 284886. What is u(-240)?
-6
Let x(y) = -9*y**2 + 1190*y - 1445. Give x(131).
-4
Let u(a) = -1265*a - 2119. Calculate u(-4).
2941
Let g(k) = -102*k**2 - 4976*k + 1040. What is g(-49)?
-38
Let i(v) = 12*v**2 - 5719*v - 43040. What is i(484)?
36
Let a(q) = 3*q**2 + 1999*q - 1997. Give a(1).
5
Let z(j) = 7*j**2 - 1230*j - 2158. Calculate z(177).
-565
Let w(n) = -181*n**2 + 1254*n + 132. Give w(7).
41
Let p(d) = 991*d**2 + 42615*d + 88. Determine p(-43).
2
Let c(j) = 15017*j + 735821. Determine c(-49).
-12
Let h(l) = -62*l**2 + 3928*l - 198. Calculate h(63).
1188
Let m(g) = g**3 - 270*g**2 + 69*g - 18626. What is m(270)?
4
Let l(n) = 660*n**2 + 97*n + 52. Give l(-2).
2498
Let q(m) = -10665*m + 319969. Calculate q(30).
19
Let a(n) = -n**3 + 36*n**2 + 348*n + 2. What is a(44)?
-174
Let d(s) = -1479023*s + 1479025. Determine d(1).
2
Let z(a) = -280*a + 68816. Calculate z(246).
-64
Let f(k) = 73*k + 42424. Determine f(-577).
303
Let s(q) = 13396*q - 1741484. Determine s(130).
-4
Let t(z) = -18*z**2 + 504*z + 2312. Calculate t(32).
8
Let r(i) = -23*i**2 - 8838*i - 37264. Calculate r(-380).
-24
Let t(s) = -992*s - 18892. Calculate t(-19).
-44
Let t(l) = -3*l**2 + 5*l + 64. Give t(-5).
-36
Let c(s) = -105*s**2 + 197*s + 10277. Give c(-9).
-1
Let s(p) = -96*p + 9269. Calculate s(96).
53
Let j(g) = 3*g**3 - 543*g**2 + 3148*g + 550. Determine j(175).
200
Let s(u) = -38*u**2 + 209*u + 407. Determine s(-2).
-163
Let x(d) = d**2 - 215*d - 21555. Calculate x(-74).
-169
Let m(s) = 34*s**2 + 950*s - 95. Give m(-30).
2005
Let f(k) = 3240*k - 22642. What is f(7)?
38
Let y(b) = b**3 + 99*b**2 - 835*b + 3161. Give y(-107).
914
Let u(z) = -18807*z - 1015670. What is u(-54)?
-92
Let n(c) = -39*c**3 + 59*c**2 + 211*c - 295. Determine n(-5).
5000
Let a(u) = -u**3 + 92*u**2 + 588*u + 382. What is a(98)?
382
Let a(h) = -9447*h + 18876. Calculate a(2).
-18
Let n(v) = 591*v**3 - 4*v**2 + 6583*v - 13156. Calculate n(2).
4722
Let t(p) = 8*p**2 - 1246*p + 21958. Calculate t(18).
2122
Let g(p) = -2*p**2 - 238*p + 2213. Determine g(-121).
1729
Let k(g) = -33780*g - 506583. Calculate k(-15).
117
Let s(g) = 51325*g - 205409. Give s(4).
-109
Let a(u) = 8*u**2 - 4469*u + 273638. What is a(70)?
8
Let v(y) = -y**2 - 8065*y + 307924. Give v(38).
10
Let h(q) = 21063*q - 800397. Calculate h(38).
-3
Let i(m) = -12672*m + 37995. What is i(3)?
-21
Let n(l) = -10*l**2 - 4856*l + 41513. What is n(-494)?
17
Let z(j) = 303*j + 7795. Calculate z(-25).
220
Let p(t) = -42176*t + 2024423. Calculate p(48).
-25
Let x(l) = 4*l**3 + 63*l**2 - 313*l - 38. Determine x(4).
-26
Let q(r) = r**3 + 55*r**2 + 122*r + 831. Calculate q(-53).
-17
Let g(h) = h**2 + 8816*h - 88251. What is g(10)?
9
Let f(q) = q**3 - 101*q**2 + 583*q - 274. Give f(95).
961
Let o(i) = -2*i**2 - 134*i + 13417. Give o(-122).
-3
Let q(x) = 5159*x + 50748. Calculate q(-10).
-842
Let c(b) = 82*b**3 - 16893*b**2 + 205*b + 198. Calculate c(206).
-8
Let c(u) = 43*u**3 - 11*u**2 + 183*u - 184. Give c(1).
31
Let i(r) = -464*r + 54717. What is i(118)?
-35
Let t(a) = 6707*a + 5204637. Determine t(-776).
5
Let z(p) = -21*p**2 - 2744*p + 987. Calculate z(-131).
70
Let q(o) = -o**2 + 16668*o - 1194924. Calculate q(72).
-12
Let a(s) = 15098*s - 226431. Calculate a(15).
39
Let g(h) = 3*h**3 + 31*h**2 - 10*h + 51. Give g(-12).
-549
Let t(l) = -113337*l + 226677. Determine t(2).
3
Let t(f) = f**3 - 268*f**2 + 564*f - 9001. What is t(266)?
-489
Let g(m) = -1915*m**3 - m**2 - 181*m - 182. Determine g(-1).
1913
Let x(s) = 513*s - 13973. What is x(26)?
-635
Let r(v) = -2*v**3 + 31*v**2 + 462*v + 320. Determine r(25).
-5
Let y(v) = 371*v - 88293. Give y(238).
5
Let h(o) = -9693*o - 1521809. Calculate h(-157).
-8
Let t(w) = 14*w**3 + 2357*w**2 - 2366*w + 4. Calculate t(1).
9
Let f(w) = 109*w**2 + 5766*w - 579. Calculate f(-53).
4
Let q(c) = 7*c**3 - 4865*c**2 + 116*c - 80608. What is q(695)?
12
Let s(f) = 23*f**2 + 650*f - 479. Give s(-29).
14
Let d(n) = -14324*n + 11315966. What is d(790)?
6
Let z(s) = s**3 - 2699*s**2 + 18*s + 75. Calculate z(0).
75
Let n(u) = -995*u - 117444. What is n(-118)?
-